{"id":605,"date":"2021-04-29T15:25:47","date_gmt":"2021-04-29T15:25:47","guid":{"rendered":"https:\/\/rohr-fiber-connections.de\/?page_id=605"},"modified":"2021-09-10T07:16:29","modified_gmt":"2021-09-10T07:16:29","slug":"inicio","status":"publish","type":"page","link":"https:\/\/rohr-fiber-connections.de\/?page_id=605&lang=es","title":{"rendered":"Inicio"},"content":{"rendered":"<p>[vc_row full_width=&#8221;stretch_row&#8221; css=&#8221;.vc_custom_1619085107524{padding-top: 7.5% !important;padding-bottom: 7.5% !important;}&#8221; el_id=&#8221;about&#8221;][vc_column]<div id=\"ultimate-heading-917669de7c5ae7356\" class=\"uvc-heading ult-adjust-bottom-margin ultimate-heading-917669de7c5ae7356 uvc-4476 \" data-hspacer=\"no_spacer\"  data-halign=\"center\" style=\"text-align:center\"><div class=\"uvc-heading-spacer no_spacer\" style=\"top\"><\/div><div class=\"uvc-main-heading ult-responsive\"  data-ultimate-target='.uvc-heading.ultimate-heading-917669de7c5ae7356 h2'  data-responsive-json-new='{\"font-size\":\"desktop:72px;tablet:48px;\",\"line-height\":\"\"}' ><h2 style=\"font-family:&#039;Lato&#039;;font-weight:100;color:#293642;margin-bottom:15px;\">SOBRE R.O.H.R.<\/h2><\/div><\/div>[\/vc_column][\/vc_row][vc_row gap=&#8221;10&#8243; equal_height=&#8221;yes&#8221; content_placement=&#8221;top&#8221; css=&#8221;.vc_custom_1619085278732{margin-top: 1% !important;margin-bottom: 10% !important;}&#8221;][vc_column width=&#8221;1\/4&#8243; css=&#8221;.vc_custom_1454933233405{border-bottom-width: 5px !important;padding-left: 0px !important;border-bottom-color: #00a4ea !important;border-bottom-style: solid !important;}&#8221;]<div id=\"ultimate-heading-461569de7c5ae73f7\" class=\"uvc-heading ult-adjust-bottom-margin ultimate-heading-461569de7c5ae73f7 uvc-152 \" data-hspacer=\"no_spacer\"  data-halign=\"right\" style=\"text-align:right\"><div class=\"uvc-heading-spacer no_spacer\" style=\"top\"><\/div><div class=\"uvc-main-heading ult-responsive\"  data-ultimate-target='.uvc-heading.ultimate-heading-461569de7c5ae73f7 h2'  data-responsive-json-new='{\"font-size\":\"desktop:48px;tablet:48px;\",\"line-height\":\"\"}' ><h2 style=\"font-family:&#039;Lato&#039;;font-weight:300;color:#040014;margin-top:-25px;\">QUIENES SOMOS<\/h2><\/div><\/div>[\/vc_column][vc_column width=&#8221;3\/4&#8243; css=&#8221;.vc_custom_1454948058949{padding-top: 0px !important;padding-bottom: 0px !important;}&#8221; offset=&#8221;vc_col-xs-12&#8243;]<div id=\"ultimate-heading-32969de7c5ae744b\" class=\"uvc-heading ult-adjust-bottom-margin ultimate-heading-32969de7c5ae744b uvc-5443 \" data-hspacer=\"no_spacer\"  data-halign=\"left\" style=\"text-align:left\"><div class=\"uvc-heading-spacer no_spacer\" style=\"top\"><\/div><div class=\"uvc-sub-heading ult-responsive\"  data-ultimate-target='.uvc-heading.ultimate-heading-32969de7c5ae744b .uvc-sub-heading '  data-responsive-json-new='{\"font-size\":\"desktop:20px;\",\"line-height\":\"\"}'  style=\"font-family:&#039;Lato&#039;;font-weight:300;color:#00293a;\">R.O.H.R. Fiber Connections GmbH &amp; Co.KG es una empresa constituida en Alemania por socios hispano-alemanes, enfocada a la instalaci\u00f3n de fibra \u00f3ptica desde el Backbone hasta la casa (FTTH).<\/p>\n<p>Como bien es sabido, Espa\u00f1a ha sido pionera en el tendido de fibra desde hace una d\u00e9cada. Ese conocimiento y esa experiencia son los pilares sobre los se cimienta nuestra empresa.<\/p>\n<p>Nuestros t\u00e9cnicos e ingenieros suman muchos kil\u00f3metros de fibra tendida tanto en Espa\u00f1a como en Alemania. Solucionan los desaf\u00edos con eficiencia, precisi\u00f3n y dedicaci\u00f3n a su oficio, dejando las instalaciones y cajas de conexiones ordenadas y listas para el futuro.<\/p>\n<p>Ellos son: los Jinetes de la Fibra.<\/div><\/div>[\/vc_column][\/vc_row][vc_row full_width=&#8221;stretch_row&#8221; bg_type=&#8221;bg_color&#8221; css=&#8221;.vc_custom_1619087605879{padding-top: 7.5% !important;padding-bottom: 1% !important;background-color: #293642 !important;}&#8221; bg_color_value=&#8221;#293642&#8243; el_id=&#8221;services&#8221;][vc_column]<div id=\"ultimate-heading-661069de7c5ae748c\" class=\"uvc-heading ult-adjust-bottom-margin ultimate-heading-661069de7c5ae748c uvc-9649 \" data-hspacer=\"no_spacer\"  data-halign=\"center\" style=\"text-align:center\"><div class=\"uvc-heading-spacer no_spacer\" style=\"top\"><\/div><div class=\"uvc-main-heading ult-responsive\"  data-ultimate-target='.uvc-heading.ultimate-heading-661069de7c5ae748c h2'  data-responsive-json-new='{\"font-size\":\"desktop:72px;tablet:48px;\",\"line-height\":\"\"}' ><h2 style=\"font-family:&#039;Lato&#039;;font-weight:100;color:#ffffff;margin-bottom:55px;\">NUESTROS SERVICIOS<\/h2><\/div><\/div>[\/vc_column][\/vc_row][vc_row full_width=&#8221;stretch_row&#8221; gap=&#8221;15&#8243; css=&#8221;.vc_custom_1619086438526{padding-top: 1% !important;padding-bottom: 7.5% !important;background-color: #293642 !important;}&#8221;][vc_column width=&#8221;1\/3&#8243;][vc_single_image image=&#8221;611&#8243; img_size=&#8221;full&#8221; alignment=&#8221;center&#8221; style=&#8221;vc_box_circle_2&#8243; css_animation=&#8221;fadeInUp&#8221;][vc_custom_heading text=&#8221;SOPLADO&#8221; font_container=&#8221;tag:h2|text_align:center|color:%23ffffff&#8221; google_fonts=&#8221;font_family:Exo%202%3A100%2C100italic%2C200%2C200italic%2C300%2C300italic%2Cregular%2Citalic%2C500%2C500italic%2C600%2C600italic%2C700%2C700italic%2C800%2C800italic%2C900%2C900italic|font_style:100%20light%20regular%3A100%3Anormal&#8221; css_animation=&#8221;fadeInUp&#8221;][vc_custom_heading text=&#8221;Soplado de fibra en RA y RD, en cualquiera de los tramos, desde el Backbone hasta el usuario final. Manejo del correspondiente equipamiento conforme a la normativa.&#8221; font_container=&#8221;tag:p|font_size:16px|text_align:center|color:%23ffffff&#8221; google_fonts=&#8221;font_family:Exo%202%3A100%2C100italic%2C200%2C200italic%2C300%2C300italic%2Cregular%2Citalic%2C500%2C500italic%2C600%2C600italic%2C700%2C700italic%2C800%2C800italic%2C900%2C900italic|font_style:200%20light%20regular%3A200%3Anormal&#8221; css_animation=&#8221;fadeInUp&#8221;][\/vc_column][vc_column width=&#8221;1\/3&#8243;][vc_single_image image=&#8221;599&#8243; img_size=&#8221;full&#8221; alignment=&#8221;center&#8221; style=&#8221;vc_box_circle_2&#8243; css_animation=&#8221;fadeInUp&#8221;][vc_custom_heading text=&#8221;FUSIONADO&#8221; font_container=&#8221;tag:h2|text_align:center|color:%23ffffff&#8221; google_fonts=&#8221;font_family:Exo%202%3A100%2C100italic%2C200%2C200italic%2C300%2C300italic%2Cregular%2Citalic%2C500%2C500italic%2C600%2C600italic%2C700%2C700italic%2C800%2C800italic%2C900%2C900italic|font_style:100%20light%20regular%3A100%3Anormal&#8221; css_animation=&#8221;fadeInUp&#8221;][vc_custom_heading text=&#8221;Fusionado de fibra en cualquier tramo y condiciones: DP, POP, MUFAS, con sus correspondientes mediciones con OTDR. Reparaci\u00f3n y mantenimiento de tendido existente..&#8221; font_container=&#8221;tag:p|font_size:16px|text_align:center|color:%23ffffff&#8221; google_fonts=&#8221;font_family:Exo%202%3A100%2C100italic%2C200%2C200italic%2C300%2C300italic%2Cregular%2Citalic%2C500%2C500italic%2C600%2C600italic%2C700%2C700italic%2C800%2C800italic%2C900%2C900italic|font_style:200%20light%20regular%3A200%3Anormal&#8221; css_animation=&#8221;fadeInUp&#8221;][\/vc_column][vc_column width=&#8221;1\/3&#8243;][vc_single_image image=&#8221;601&#8243; img_size=&#8221;full&#8221; alignment=&#8221;center&#8221; style=&#8221;vc_box_circle_2&#8243; css_animation=&#8221;fadeInUp&#8221;][vc_custom_heading text=&#8221;ACTIVACIONES&#8221; font_container=&#8221;tag:h2|text_align:center|color:%23ffffff&#8221; google_fonts=&#8221;font_family:Exo%202%3A100%2C100italic%2C200%2C200italic%2C300%2C300italic%2Cregular%2Citalic%2C500%2C500italic%2C600%2C600italic%2C700%2C700italic%2C800%2C800italic%2C900%2C900italic|font_style:100%20light%20regular%3A100%3Anormal&#8221; css_animation=&#8221;fadeInUp&#8221;][vc_custom_heading text=&#8221;Instalaci\u00f3n del tramo final en casa de cliente: H\u00dcP y NT \/ ONT. Ubicaci\u00f3n de las cajas conforme previo acuerdo con el cliente (replanteo).&#8221; font_container=&#8221;tag:p|font_size:16px|text_align:center|color:%23ffffff&#8221; google_fonts=&#8221;font_family:Exo%202%3A100%2C100italic%2C200%2C200italic%2C300%2C300italic%2Cregular%2Citalic%2C500%2C500italic%2C600%2C600italic%2C700%2C700italic%2C800%2C800italic%2C900%2C900italic|font_style:200%20light%20regular%3A200%3Anormal&#8221; css_animation=&#8221;fadeInUp&#8221;][\/vc_column][\/vc_row][vc_row full_width=&#8221;stretch_row&#8221; css=&#8221;.vc_custom_1619089351948{padding-top: 7.5% !important;padding-bottom: 7.5% !important;}&#8221; el_id=&#8221;contact&#8221;][vc_column]<div id=\"ultimate-heading-844069de7c5ae74ca\" class=\"uvc-heading ult-adjust-bottom-margin ultimate-heading-844069de7c5ae74ca uvc-7729 \" data-hspacer=\"no_spacer\"  data-halign=\"center\" style=\"text-align:center\"><div class=\"uvc-heading-spacer no_spacer\" style=\"top\"><\/div><div class=\"uvc-main-heading ult-responsive\"  data-ultimate-target='.uvc-heading.ultimate-heading-844069de7c5ae74ca h2'  data-responsive-json-new='{\"font-size\":\"desktop:72px;tablet:48px;\",\"line-height\":\"\"}' ><h2 style=\"font-family:&#039;Lato&#039;;font-weight:100;color:#293642;margin-bottom:15px;\">CONTACTO<\/h2><\/div><\/div>[\/vc_column][\/vc_row][vc_row][vc_column width=&#8221;1\/3&#8243;]<div class=\"aio-icon-component    style_1\"><div id=\"Info-box-wrap-1054\" class=\"aio-icon-box top-icon\" style=\"\"  ><div class=\"aio-icon-top\"><div class=\"ult-just-icon-wrapper  \"><div class=\"align-icon\" style=\"text-align:center;\">\n<div class=\"aio-icon none \"  style=\"color:#333;font-size:32px;display:inline-block;\">\n\t<i class=\"Defaults-mobile mobile-phone\"><\/i>\n<\/div><\/div><\/div><\/div><div class=\"aio-icon-header\" ><h4 class=\"aio-icon-title ult-responsive\"  data-ultimate-target='#Info-box-wrap-1054 .aio-icon-title'  data-responsive-json-new='{\"font-size\":\"desktop:32px;\",\"line-height\":\"\"}'  style=\"\">+49 017 643 277 823<\/h4><\/div> <!-- header --><div class=\"aio-icon-description ult-responsive\"  data-ultimate-target='#Info-box-wrap-1054 .aio-icon-description'  data-responsive-json-new='{\"font-size\":\"desktop:16px;\",\"line-height\":\"\"}'  style=\"\"><\/p>\n<div class=\"huge-icon-txt-subtitle\">\n<div class=\"txt-wrapper\">info@rohr-fiber-connections.de<\/div>\n<\/div>\n<p><\/div> <!-- description --><\/div> <!-- aio-icon-box --><\/div> <!-- aio-icon-component -->[\/vc_column][vc_column width=&#8221;1\/3&#8243;]<div class=\"aio-icon-component    style_1\"><div id=\"Info-box-wrap-9925\" class=\"aio-icon-box top-icon\" style=\"\"  ><div class=\"aio-icon-top\"><div class=\"ult-just-icon-wrapper  \"><div class=\"align-icon\" style=\"text-align:center;\">\n<div class=\"aio-icon none \"  style=\"color:#333;font-size:32px;display:inline-block;\">\n\t<i class=\"Defaults-map-marker\"><\/i>\n<\/div><\/div><\/div><\/div><div class=\"aio-icon-header\" ><h4 class=\"aio-icon-title ult-responsive\"  data-ultimate-target='#Info-box-wrap-9925 .aio-icon-title'  data-responsive-json-new='{\"font-size\":\"desktop:32px;\",\"line-height\":\"\"}'  style=\"\">Gartenallee 34<\/h4><\/div> <!-- header --><div class=\"aio-icon-description ult-responsive\"  data-ultimate-target='#Info-box-wrap-9925 .aio-icon-description'  data-responsive-json-new='{\"font-size\":\"desktop:16px;\",\"line-height\":\"\"}'  style=\"\"><\/p>\n<div class=\"huge-icon-txt-subtitle\">\n<div class=\"txt-wrapper\">\n<div class=\"huge-icon-txt-subtitle\">\n<div class=\"txt-wrapper\">Bremen, DE<\/div>\n<\/div>\n<\/div>\n<\/div>\n<p><\/div> <!-- description --><\/div> <!-- aio-icon-box --><\/div> <!-- aio-icon-component -->[\/vc_column][vc_column width=&#8221;1\/3&#8243;]<div class=\"aio-icon-component    style_1\"><div id=\"Info-box-wrap-9822\" class=\"aio-icon-box top-icon\" style=\"\"  ><div class=\"aio-icon-top\"><div class=\"ult-just-icon-wrapper  \"><div class=\"align-icon\" style=\"text-align:center;\">\n<div class=\"aio-icon none \"  style=\"color:#333;font-size:32px;display:inline-block;\">\n\t<i class=\"Defaults-clock-o\"><\/i>\n<\/div><\/div><\/div><\/div><div class=\"aio-icon-header\" ><h4 class=\"aio-icon-title ult-responsive\"  data-ultimate-target='#Info-box-wrap-9822 .aio-icon-title'  data-responsive-json-new='{\"font-size\":\"desktop:32px;\",\"line-height\":\"\"}'  style=\"\">07:30 \u2013 19:00<\/h4><\/div> <!-- header --><div class=\"aio-icon-description ult-responsive\"  data-ultimate-target='#Info-box-wrap-9822 .aio-icon-description'  data-responsive-json-new='{\"font-size\":\"desktop:16px;\",\"line-height\":\"\"}'  style=\"\">De lunes a viernes<\/div> <!-- description --><\/div> <!-- aio-icon-box --><\/div> <!-- aio-icon-component -->[\/vc_column][\/vc_row]<\/p>\n","protected":false},"excerpt":{"rendered":"<p>[vc_row full_width=&#8221;stretch_row&#8221; css=&#8221;.vc_custom_1619085107524{padding-top: 7.5% !important;padding-bottom: 7.5% !important;}&#8221; el_id=&#8221;about&#8221;][vc_column][\/vc_column][\/vc_row][vc_row gap=&#8221;10&#8243; equal_height=&#8221;yes&#8221; content_placement=&#8221;top&#8221; css=&#8221;.vc_custom_1619085278732{margin-top: 1% !important;margin-bottom: 10% !important;}&#8221;][vc_column width=&#8221;1\/4&#8243; css=&#8221;.vc_custom_1454933233405{border-bottom-width: 5px !important;padding-left: 0px !important;border-bottom-color: #00a4ea !important;border-bottom-style: solid !important;}&#8221;][\/vc_column][vc_column width=&#8221;3\/4&#8243; css=&#8221;.vc_custom_1454948058949{padding-top: 0px !important;padding-bottom: 0px !important;}&#8221; offset=&#8221;vc_col-xs-12&#8243;][\/vc_column][\/vc_row][vc_row full_width=&#8221;stretch_row&#8221; bg_type=&#8221;bg_color&#8221; css=&#8221;.vc_custom_1619087605879{padding-top: 7.5% !important;padding-bottom: 1% !important;background-color: [&hellip;]<\/p>\n","protected":false},"author":1,"featured_media":0,"parent":0,"menu_order":0,"comment_status":"closed","ping_status":"closed","template":"","meta":{"footnotes":""},"class_list":["post-605","page","type-page","status-publish","hentry"],"_links":{"self":[{"href":"https:\/\/rohr-fiber-connections.de\/index.php?rest_route=\/wp\/v2\/pages\/605","targetHints":{"allow":["GET"]}}],"collection":[{"href":"https:\/\/rohr-fiber-connections.de\/index.php?rest_route=\/wp\/v2\/pages"}],"about":[{"href":"https:\/\/rohr-fiber-connections.de\/index.php?rest_route=\/wp\/v2\/types\/page"}],"author":[{"embeddable":true,"href":"https:\/\/rohr-fiber-connections.de\/index.php?rest_route=\/wp\/v2\/users\/1"}],"replies":[{"embeddable":true,"href":"https:\/\/rohr-fiber-connections.de\/index.php?rest_route=%2Fwp%2Fv2%2Fcomments&post=605"}],"version-history":[{"count":0,"href":"https:\/\/rohr-fiber-connections.de\/index.php?rest_route=\/wp\/v2\/pages\/605\/revisions"}],"wp:attachment":[{"href":"https:\/\/rohr-fiber-connections.de\/index.php?rest_route=%2Fwp%2Fv2%2Fmedia&parent=605"}],"curies":[{"name":"wp","href":"https:\/\/api.w.org\/{rel}","templated":true}]}}